{"id":4169,"date":"2026-01-05T16:25:06","date_gmt":"2026-01-05T09:25:06","guid":{"rendered":"https:\/\/news-dot-ikara4m.appspot.com\/?page_id=4169"},"modified":"2026-01-05T16:25:06","modified_gmt":"2026-01-05T09:25:06","slug":"thoa-thuan-dich-vu-yokara","status":"publish","type":"page","link":"https:\/\/www.yokara.com\/news\/thoa-thuan-dich-vu-yokara\/","title":{"rendered":"Th\u1ecfa thu\u1eadn d\u1ecbch v\u1ee5 Yokara"},"content":{"rendered":"<p style=\"text-align: justify;\"><span style=\"font-weight: 400;\">Trong h\u1ec7 sinh th\u00e1i karaoke tr\u1ef1c tuy\u1ebfn, th\u1ecfa thu\u1eadn d\u1ecbch v\u1ee5 l\u00e0 n\u1ec1n t\u1ea3ng x\u00e1c l\u1eadp quy\u1ec1n v\u00e0 ngh\u0129a v\u1ee5 gi\u1eefa n\u1ec1n t\u1ea3ng v\u00e0 ng\u01b0\u1eddi d\u00f9ng. Vi\u1ec7c hi\u1ec3u r\u00f5 <\/span><b>Th\u1ecfa thu\u1eadn d\u1ecbch v\u1ee5 Yokara<\/b><span style=\"font-weight: 400;\"> gi\u00fap s\u1eed d\u1ee5ng d\u1ecbch v\u1ee5 \u0111\u00fang quy \u0111\u1ecbnh, h\u1ea1n ch\u1ebf r\u1ee7i ro ph\u00e1p l\u00fd v\u00e0 \u0111\u1ea3m b\u1ea3o tr\u1ea3i nghi\u1ec7m gi\u1ea3i tr\u00ed an to\u00e0n, minh b\u1ea1ch.<\/span><\/p>\n<h2 style=\"text-align: justify;\"><b>1. Th\u1ecfa thu\u1eadn d\u1ecbch v\u1ee5 Yokara l\u00e0 g\u00ec?<\/b><\/h2>\n<p style=\"text-align: justify;\"><span style=\"font-weight: 400;\">Th\u1ecfa thu\u1eadn d\u1ecbch v\u1ee5 Yokara l\u00e0 v\u0103n b\u1ea3n ph\u00e1p l\u00fd quy \u0111\u1ecbnh c\u00e1c \u0111i\u1ec1u ki\u1ec7n \u00e1p d\u1ee5ng khi ng\u01b0\u1eddi d\u00f9ng truy c\u1eadp, \u0111\u0103ng k\u00fd t\u00e0i kho\u1ea3n v\u00e0 s\u1eed d\u1ee5ng d\u1ecbch v\u1ee5 karaoke tr\u1ef1c tuy\u1ebfn tr\u00ean n\u1ec1n t\u1ea3ng. N\u1ed9i dung th\u1ecfa thu\u1eadn \u0111\u01b0\u1ee3c x\u00e2y d\u1ef1ng nh\u1eb1m \u0111\u1ea3m b\u1ea3o s\u1ef1 minh b\u1ea1ch, tu\u00e2n th\u1ee7 ph\u00e1p lu\u1eadt v\u00e0 b\u1ea3o v\u1ec7 quy\u1ec1n l\u1ee3i h\u1ee3p ph\u00e1p c\u1ee7a c\u00e1c b\u00ean.<\/span><\/p>\n<p style=\"text-align: justify;\"><span style=\"font-weight: 400;\">Th\u1ecfa thu\u1eadn n\u00e0y x\u00e1c l\u1eadp r\u00f5:<\/span><\/p>\n<ul style=\"text-align: justify;\">\n<li style=\"font-weight: 400;\" aria-level=\"1\"><span style=\"font-weight: 400;\">Ph\u1ea1m vi d\u1ecbch v\u1ee5 m\u00e0 Yokara cung c\u1ea5p<\/span><\/li>\n<li style=\"font-weight: 400;\" aria-level=\"1\"><span style=\"font-weight: 400;\">Quy\u1ec1n v\u00e0 tr\u00e1ch nhi\u1ec7m c\u1ee7a ng\u01b0\u1eddi d\u00f9ng<\/span><\/li>\n<li style=\"font-weight: 400;\" aria-level=\"1\"><span style=\"font-weight: 400;\">C\u00e1c gi\u1edbi h\u1ea1n li\u00ean quan \u0111\u1ebfn n\u1ed9i dung, b\u1ea3n quy\u1ec1n v\u00e0 thanh to\u00e1n<\/span><\/li>\n<li style=\"font-weight: 400;\" aria-level=\"1\"><span style=\"font-weight: 400;\">C\u01a1 ch\u1ebf x\u1eed l\u00fd vi ph\u1ea1m v\u00e0 tranh ch\u1ea5p<\/span><\/li>\n<\/ul>\n<p style=\"text-align: justify;\"><span style=\"font-weight: 400;\">Vi\u1ec7c ti\u1ebfp t\u1ee5c s\u1eed d\u1ee5ng d\u1ecbch v\u1ee5 \u0111\u1ed3ng ngh\u0129a v\u1edbi vi\u1ec7c ch\u1ea5p thu\u1eadn to\u00e0n b\u1ed9 th\u1ecfa thu\u1eadn t\u1ea1i th\u1eddi \u0111i\u1ec3m \u00e1p d\u1ee5ng.<\/span><\/p>\n<h2 style=\"text-align: justify;\"><b>2. \u0110\u1ed1i t\u01b0\u1ee3ng \u00e1p d\u1ee5ng th\u1ecfa thu\u1eadn d\u1ecbch v\u1ee5 khi d\u00f9ng Yokara<\/b><\/h2>\n<p style=\"text-align: justify;\"><span style=\"font-weight: 400;\">Th\u1ecfa thu\u1eadn d\u1ecbch v\u1ee5 \u0111\u01b0\u1ee3c \u00e1p d\u1ee5ng cho t\u1ea5t c\u1ea3 ng\u01b0\u1eddi d\u00f9ng truy c\u1eadp v\u00e0 s\u1eed d\u1ee5ng Yokara, bao g\u1ed3m:<\/span><\/p>\n<ul style=\"text-align: justify;\">\n<li style=\"font-weight: 400;\" aria-level=\"1\"><span style=\"font-weight: 400;\">Ng\u01b0\u1eddi d\u00f9ng \u0111\u0103ng k\u00fd t\u00e0i kho\u1ea3n mi\u1ec5n ph\u00ed<\/span><\/li>\n<li style=\"font-weight: 400;\" aria-level=\"1\"><span style=\"font-weight: 400;\">Ng\u01b0\u1eddi d\u00f9ng s\u1eed d\u1ee5ng c\u00e1c g\u00f3i d\u1ecbch v\u1ee5 tr\u1ea3 ph\u00ed<\/span><\/li>\n<li style=\"font-weight: 400;\" aria-level=\"1\"><span style=\"font-weight: 400;\">Ng\u01b0\u1eddi d\u00f9ng truy c\u1eadp th\u00f4ng qua website ho\u1eb7c \u1ee9ng d\u1ee5ng<\/span><\/li>\n<\/ul>\n<p style=\"text-align: justify;\"><span style=\"font-weight: 400;\">\u0110\u1ed1i v\u1edbi ng\u01b0\u1eddi d\u00f9ng ch\u01b0a \u0111\u1ee7 \u0111\u1ed9 tu\u1ed5i theo quy \u0111\u1ecbnh ph\u00e1p lu\u1eadt, vi\u1ec7c s\u1eed d\u1ee5ng d\u1ecbch v\u1ee5 c\u1ea7n c\u00f3 s\u1ef1 \u0111\u1ed3ng \u00fd c\u1ee7a ng\u01b0\u1eddi gi\u00e1m h\u1ed9 h\u1ee3p ph\u00e1p. Yokara c\u00f3 quy\u1ec1n t\u1eeb ch\u1ed1i cung c\u1ea5p d\u1ecbch v\u1ee5 n\u1ebfu ph\u00e1t hi\u1ec7n th\u00f4ng tin \u0111\u0103ng k\u00fd kh\u00f4ng ch\u00ednh x\u00e1c ho\u1eb7c vi ph\u1ea1m \u0111i\u1ec1u ki\u1ec7n \u00e1p d\u1ee5ng.<\/span><\/p>\n<h2 style=\"text-align: justify;\"><b>3. Ph\u1ea1m vi d\u1ecbch v\u1ee5 v\u00e0 quy\u1ec1n truy c\u1eadp<\/b><\/h2>\n<p style=\"text-align: justify;\"><span style=\"font-weight: 400;\">Yokara cung c\u1ea5p n\u1ec1n t\u1ea3ng karaoke tr\u1ef1c tuy\u1ebfn v\u1edbi nhi\u1ec1u t\u00ednh n\u0103ng ph\u1ee5c v\u1ee5 nhu c\u1ea7u gi\u1ea3i tr\u00ed c\u00e1 nh\u00e2n. Ph\u1ea1m vi d\u1ecbch v\u1ee5 c\u00f3 th\u1ec3 bao g\u1ed3m:<\/span><\/p>\n<ul style=\"text-align: justify;\">\n<li style=\"font-weight: 400;\" aria-level=\"1\"><span style=\"font-weight: 400;\">H\u00e1t karaoke tr\u1ef1c tuy\u1ebfn<\/span><\/li>\n<li style=\"font-weight: 400;\" aria-level=\"1\"><span style=\"font-weight: 400;\">Ghi \u00e2m v\u00e0 l\u01b0u tr\u1eef b\u1ea3n thu c\u00e1 nh\u00e2n<\/span><\/li>\n<li style=\"font-weight: 400;\" aria-level=\"1\"><span style=\"font-weight: 400;\">Qu\u1ea3n l\u00fd danh s\u00e1ch b\u00e0i h\u00e1t y\u00eau th\u00edch<\/span><\/li>\n<li style=\"font-weight: 400;\" aria-level=\"1\"><span style=\"font-weight: 400;\">Truy c\u1eadp c\u00e1c ti\u1ec7n \u00edch n\u00e2ng cao theo t\u1eebng g\u00f3i d\u1ecbch v\u1ee5<\/span><\/li>\n<\/ul>\n<p style=\"text-align: justify;\"><span style=\"font-weight: 400;\">Quy\u1ec1n truy c\u1eadp \u0111\u01b0\u1ee3c ph\u00e2n lo\u1ea1i theo lo\u1ea1i t\u00e0i kho\u1ea3n. M\u1ed9t s\u1ed1 t\u00ednh n\u0103ng ch\u1ec9 kh\u1ea3 d\u1ee5ng khi ng\u01b0\u1eddi d\u00f9ng \u0111\u0103ng k\u00fd g\u00f3i VIP h\u1ee3p l\u1ec7. Yokara c\u00f3 quy\u1ec1n \u0111i\u1ec1u ch\u1ec9nh, gi\u1edbi h\u1ea1n ho\u1eb7c t\u1ea1m ng\u01b0ng quy\u1ec1n truy c\u1eadp trong c\u00e1c tr\u01b0\u1eddng h\u1ee3p c\u1ea7n thi\u1ebft.<\/span><\/p>\n<h2 style=\"text-align: justify;\"><b>4. Quy\u1ec1n v\u00e0 tr\u00e1ch nhi\u1ec7m c\u1ee7a ng\u01b0\u1eddi d\u00f9ng<\/b><\/h2>\n<p style=\"text-align: justify;\"><span style=\"font-weight: 400;\">Ng\u01b0\u1eddi d\u00f9ng khi s\u1eed d\u1ee5ng d\u1ecbch v\u1ee5 c\u00f3 c\u00e1c quy\u1ec1n c\u01a1 b\u1ea3n nh\u01b0:<\/span><\/p>\n<ul style=\"text-align: justify;\">\n<li style=\"font-weight: 400;\" aria-level=\"1\"><span style=\"font-weight: 400;\">Truy c\u1eadp v\u00e0 s\u1eed d\u1ee5ng d\u1ecbch v\u1ee5 \u0111\u00fang ph\u1ea1m vi cho ph\u00e9p<\/span><\/li>\n<li style=\"font-weight: 400;\" aria-level=\"1\"><span style=\"font-weight: 400;\">\u0110\u01b0\u1ee3c b\u1ea3o v\u1ec7 th\u00f4ng tin c\u00e1 nh\u00e2n theo ch\u00ednh s\u00e1ch b\u1ea3o m\u1eadt<\/span><\/li>\n<li style=\"font-weight: 400;\" aria-level=\"1\"><span style=\"font-weight: 400;\">G\u1eedi ph\u1ea3n h\u1ed3i, khi\u1ebfu n\u1ea1i v\u00e0 y\u00eau c\u1ea7u h\u1ed7 tr\u1ee3 k\u1ef9 thu\u1eadt<\/span><\/li>\n<\/ul>\n<p style=\"text-align: justify;\"><span style=\"font-weight: 400;\">Song song v\u1edbi quy\u1ec1n l\u1ee3i, ng\u01b0\u1eddi d\u00f9ng c\u00f3 tr\u00e1ch nhi\u1ec7m:<\/span><\/p>\n<ul style=\"text-align: justify;\">\n<li style=\"font-weight: 400;\" aria-level=\"1\"><span style=\"font-weight: 400;\">Tu\u00e2n th\u1ee7 \u0111\u1ea7y \u0111\u1ee7 <\/span><b>th\u1ecfa thu\u1eadn d\u1ecbch v\u1ee5 Yokara<\/b><\/li>\n<li style=\"font-weight: 400;\" aria-level=\"1\"><span style=\"font-weight: 400;\">Kh\u00f4ng s\u1eed d\u1ee5ng d\u1ecbch v\u1ee5 cho m\u1ee5c \u0111\u00edch tr\u00e1i ph\u00e1p lu\u1eadt<\/span><\/li>\n<li style=\"font-weight: 400;\" aria-level=\"1\"><span style=\"font-weight: 400;\">Kh\u00f4ng \u0111\u0103ng t\u1ea3i n\u1ed9i dung vi ph\u1ea1m b\u1ea3n quy\u1ec1n ho\u1eb7c thu\u1ea7n phong m\u1ef9 t\u1ee5c<\/span><\/li>\n<li style=\"font-weight: 400;\" aria-level=\"1\"><span style=\"font-weight: 400;\">Kh\u00f4ng g\u00e2y \u1ea3nh h\u01b0\u1edfng \u0111\u1ebfn h\u1ec7 th\u1ed1ng ho\u1eb7c c\u1ed9ng \u0111\u1ed3ng<\/span><\/li>\n<\/ul>\n<p style=\"text-align: justify;\"><span style=\"font-weight: 400;\">Ng\u01b0\u1eddi d\u00f9ng ch\u1ecbu tr\u00e1ch nhi\u1ec7m ho\u00e0n to\u00e0n \u0111\u1ed1i v\u1edbi h\u00e0nh vi s\u1eed d\u1ee5ng t\u00e0i kho\u1ea3n v\u00e0 n\u1ed9i dung ph\u00e1t sinh.<\/span><\/p>\n<h2 style=\"text-align: justify;\"><b>5. Quy\u1ec1n s\u1edf h\u1eefu tr\u00ed tu\u1ec7 v\u00e0 n\u1ed9i dung do ng\u01b0\u1eddi d\u00f9ng t\u1ea1o<\/b><\/h2>\n<p style=\"text-align: justify;\"><span style=\"font-weight: 400;\">To\u00e0n b\u1ed9 h\u1ec7 th\u1ed1ng, giao di\u1ec7n, ph\u1ea7n m\u1ec1m v\u00e0 c\u00f4ng ngh\u1ec7 v\u1eadn h\u00e0nh Yokara thu\u1ed9c quy\u1ec1n s\u1edf h\u1eefu tr\u00ed tu\u1ec7 c\u1ee7a Yokara ho\u1eb7c \u0111\u1ed1i t\u00e1c \u0111\u01b0\u1ee3c c\u1ea5p ph\u00e9p h\u1ee3p ph\u00e1p.<\/span><\/p>\n<p style=\"text-align: justify;\"><span style=\"font-weight: 400;\">\u0110\u1ed1i v\u1edbi n\u1ed9i dung do ng\u01b0\u1eddi d\u00f9ng t\u1ea1o, nguy\u00ean t\u1eafc \u00e1p d\u1ee5ng nh\u01b0 sau:<\/span><\/p>\n<ul style=\"text-align: justify;\">\n<li style=\"font-weight: 400;\" aria-level=\"1\"><span style=\"font-weight: 400;\">Quy\u1ec1n s\u1edf h\u1eefu n\u1ed9i dung v\u1eabn thu\u1ed9c v\u1ec1 ng\u01b0\u1eddi d\u00f9ng<\/span><\/li>\n<li style=\"font-weight: 400;\" aria-level=\"1\"><span style=\"font-weight: 400;\">Ng\u01b0\u1eddi d\u00f9ng c\u1ea5p cho Yokara quy\u1ec1n s\u1eed d\u1ee5ng kh\u00f4ng \u0111\u1ed9c quy\u1ec1n \u0111\u1ec3 v\u1eadn h\u00e0nh d\u1ecbch v\u1ee5<\/span><\/li>\n<li style=\"font-weight: 400;\" aria-level=\"1\"><span style=\"font-weight: 400;\">Quy\u1ec1n s\u1eed d\u1ee5ng bao g\u1ed3m hi\u1ec3n th\u1ecb, l\u01b0u tr\u1eef, sao l\u01b0u v\u00e0 c\u1ea3i thi\u1ec7n h\u1ec7 th\u1ed1ng<\/span><\/li>\n<\/ul>\n<p style=\"text-align: justify;\"><span style=\"font-weight: 400;\">Yokara kh\u00f4ng ch\u1ecbu tr\u00e1ch nhi\u1ec7m \u0111\u1ed1i v\u1edbi tranh ch\u1ea5p b\u1ea3n quy\u1ec1n ph\u00e1t sinh t\u1eeb n\u1ed9i dung do ng\u01b0\u1eddi d\u00f9ng t\u1ef1 \u0111\u0103ng t\u1ea3i.<\/span><\/p>\n<h2 style=\"text-align: justify;\"><b>6. Thanh to\u00e1n d\u1ecbch v\u1ee5 v\u00e0 \u0111\u0103ng k\u00fd t\u00e0i kho\u1ea3n VIP<\/b><\/h2>\n<p style=\"text-align: justify;\"><span style=\"font-weight: 400;\">M\u1ed9t s\u1ed1 d\u1ecbch v\u1ee5 n\u00e2ng cao tr\u00ean Yokara \u0111\u01b0\u1ee3c cung c\u1ea5p th\u00f4ng qua g\u00f3i VIP tr\u1ea3 ph\u00ed. Tr\u01b0\u1edbc khi thanh to\u00e1n, ng\u01b0\u1eddi d\u00f9ng \u0111\u01b0\u1ee3c cung c\u1ea5p \u0111\u1ea7y \u0111\u1ee7 th\u00f4ng tin v\u1ec1:<\/span><\/p>\n<ul style=\"text-align: justify;\">\n<li style=\"font-weight: 400;\" aria-level=\"1\"><span style=\"font-weight: 400;\">Gi\u00e1 d\u1ecbch v\u1ee5<\/span><\/li>\n<li style=\"font-weight: 400;\" aria-level=\"1\"><span style=\"font-weight: 400;\">Th\u1eddi h\u1ea1n s\u1eed d\u1ee5ng<\/span><\/li>\n<li style=\"font-weight: 400;\" aria-level=\"1\"><span style=\"font-weight: 400;\">Quy\u1ec1n l\u1ee3i \u0111i k\u00e8m t\u1eebng g\u00f3i<\/span><\/li>\n<\/ul>\n<p style=\"text-align: justify;\"><span style=\"font-weight: 400;\">Vi\u1ec7c thanh to\u00e1n \u0111\u01b0\u1ee3c x\u1eed l\u00fd th\u00f4ng qua c\u00e1c ph\u01b0\u01a1ng th\u1ee9c h\u1ee3p l\u1ec7. Yokara kh\u00f4ng tr\u1ef1c ti\u1ebfp l\u01b0u tr\u1eef th\u00f4ng tin thanh to\u00e1n nh\u1ea1y c\u1ea3m. Trong tr\u01b0\u1eddng h\u1ee3p ph\u00e1t sinh l\u1ed7i giao d\u1ecbch, ng\u01b0\u1eddi d\u00f9ng c\u00f3 th\u1ec3 li\u00ean h\u1ec7 b\u1ed9 ph\u1eadn h\u1ed7 tr\u1ee3 \u0111\u1ec3 \u0111\u01b0\u1ee3c h\u01b0\u1edbng d\u1eabn x\u1eed l\u00fd.<\/span><\/p>\n<h2 style=\"text-align: justify;\"><b>7. Ch\u1ea5m d\u1ee9t v\u00e0 \u0111\u00ecnh ch\u1ec9 d\u1ecbch v\u1ee5<\/b><\/h2>\n<p style=\"text-align: justify;\"><span style=\"font-weight: 400;\">Yokara c\u00f3 quy\u1ec1n ch\u1ea5m d\u1ee9t ho\u1eb7c \u0111\u00ecnh ch\u1ec9 d\u1ecbch v\u1ee5 trong c\u00e1c tr\u01b0\u1eddng h\u1ee3p:<\/span><\/p>\n<ul style=\"text-align: justify;\">\n<li style=\"font-weight: 400;\" aria-level=\"1\"><span style=\"font-weight: 400;\">Vi ph\u1ea1m th\u1ecfa thu\u1eadn d\u1ecbch v\u1ee5<\/span><\/li>\n<li style=\"font-weight: 400;\" aria-level=\"1\"><span style=\"font-weight: 400;\">C\u00f3 h\u00e0nh vi gian l\u1eadn ho\u1eb7c x\u00e2m ph\u1ea1m b\u1ea3n quy\u1ec1n<\/span><\/li>\n<li style=\"font-weight: 400;\" aria-level=\"1\"><span style=\"font-weight: 400;\">G\u00e2y \u1ea3nh h\u01b0\u1edfng nghi\u00eam tr\u1ecdng \u0111\u1ebfn h\u1ec7 th\u1ed1ng ho\u1eb7c c\u1ed9ng \u0111\u1ed3ng<\/span><\/li>\n<\/ul>\n<p style=\"text-align: justify;\"><span style=\"font-weight: 400;\">Ng\u01b0\u1eddi d\u00f9ng c\u0169ng c\u00f3 th\u1ec3 ch\u1ee7 \u0111\u1ed9ng ch\u1ea5m d\u1ee9t vi\u1ec7c s\u1eed d\u1ee5ng d\u1ecbch v\u1ee5 b\u1eb1ng c\u00e1ch ng\u1eebng truy c\u1eadp ho\u1eb7c y\u00eau c\u1ea7u x\u00f3a t\u00e0i kho\u1ea3n theo quy \u0111\u1ecbnh. Vi\u1ec7c ch\u1ea5m d\u1ee9t kh\u00f4ng l\u00e0m ph\u00e1t sinh ngh\u0129a v\u1ee5 ho\u00e0n ti\u1ec1n, tr\u1eeb khi c\u00f3 quy \u0111\u1ecbnh kh\u00e1c.<\/span><\/p>\n<ol style=\"text-align: justify;\" start=\"8\">\n<li><b> Gi\u1edbi h\u1ea1n tr\u00e1ch nhi\u1ec7m v\u00e0 mi\u1ec5n tr\u1eeb b\u1ea3o h\u00e0nh<\/b><\/li>\n<\/ol>\n<p style=\"text-align: justify;\"><span style=\"font-weight: 400;\">D\u1ecbch v\u1ee5 \u0111\u01b0\u1ee3c cung c\u1ea5p tr\u00ean c\u01a1 s\u1edf hi\u1ec7n tr\u1ea1ng v\u00e0 s\u1eb5n c\u00f3. Yokara kh\u00f4ng \u0111\u1ea3m b\u1ea3o d\u1ecbch v\u1ee5 lu\u00f4n ho\u1ea1t \u0111\u1ed9ng li\u00ean t\u1ee5c ho\u1eb7c kh\u00f4ng ph\u00e1t sinh l\u1ed7i trong m\u1ecdi tr\u01b0\u1eddng h\u1ee3p.<\/span><\/p>\n<p style=\"text-align: justify;\"><span style=\"font-weight: 400;\">Yokara kh\u00f4ng ch\u1ecbu tr\u00e1ch nhi\u1ec7m \u0111\u1ed1i v\u1edbi:<\/span><\/p>\n<ul style=\"text-align: justify;\">\n<li style=\"font-weight: 400;\" aria-level=\"1\"><span style=\"font-weight: 400;\">Thi\u1ec7t h\u1ea1i gi\u00e1n ti\u1ebfp<\/span><\/li>\n<li style=\"font-weight: 400;\" aria-level=\"1\"><span style=\"font-weight: 400;\">M\u1ea5t d\u1eef li\u1ec7u do nguy\u00ean nh\u00e2n ngo\u00e0i t\u1ea7m ki\u1ec3m so\u00e1t<\/span><\/li>\n<li style=\"font-weight: 400;\" aria-level=\"1\"><span style=\"font-weight: 400;\">Gi\u00e1n \u0111o\u1ea1n d\u1ecbch v\u1ee5 do b\u1ea3o tr\u00ec ho\u1eb7c s\u1ef1 c\u1ed1 k\u1ef9 thu\u1eadt<\/span><\/li>\n<\/ul>\n<p style=\"text-align: justify;\"><span style=\"font-weight: 400;\">Gi\u1edbi h\u1ea1n tr\u00e1ch nhi\u1ec7m \u0111\u01b0\u1ee3c \u00e1p d\u1ee5ng trong ph\u1ea1m vi t\u1ed1i \u0111a m\u00e0 ph\u00e1p lu\u1eadt cho ph\u00e9p.<\/span><\/p>\n<h2 style=\"text-align: justify;\"><b>9. Cam k\u1ebft b\u1ea3o m\u1eadt v\u00e0 li\u00ean k\u1ebft v\u1edbi ch\u00ednh s\u00e1ch b\u1ea3o m\u1eadt<\/b><\/h2>\n<p style=\"text-align: justify;\"><span style=\"font-weight: 400;\">Yokara cam k\u1ebft b\u1ea3o v\u1ec7 th\u00f4ng tin c\u00e1 nh\u00e2n c\u1ee7a ng\u01b0\u1eddi d\u00f9ng theo ch\u00ednh s\u00e1ch b\u1ea3o m\u1eadt \u0111\u01b0\u1ee3c c\u00f4ng b\u1ed1 ri\u00eang. Th\u1ecfa thu\u1eadn d\u1ecbch v\u1ee5 n\u00e0y c\u1ea7n \u0111\u01b0\u1ee3c \u0111\u1ecdc k\u1ebft h\u1ee3p v\u1edbi ch\u00ednh s\u00e1ch b\u1ea3o m\u1eadt \u0111\u1ec3 hi\u1ec3u \u0111\u1ea7y \u0111\u1ee7 c\u00e1ch th\u1ee9c x\u1eed l\u00fd d\u1eef li\u1ec7u.<\/span><\/p>\n<p style=\"text-align: justify;\"><span style=\"font-weight: 400;\">Vi\u1ec7c ti\u1ebfp t\u1ee5c s\u1eed d\u1ee5ng d\u1ecbch v\u1ee5 \u0111\u1ed3ng ngh\u0129a v\u1edbi vi\u1ec7c ch\u1ea5p thu\u1eadn vi\u1ec7c thu th\u1eadp v\u00e0 x\u1eed l\u00fd d\u1eef li\u1ec7u theo ph\u1ea1m vi \u0111\u00e3 n\u00eau.<\/span><\/p>\n<h2 style=\"text-align: justify;\"><b>Li\u00ean h\u1ec7 v\u1edbi ch\u00fang t\u00f4i<\/b><\/h2>\n<p style=\"text-align: justify;\"><span style=\"font-weight: 400;\">M\u1ecdi th\u1eafc m\u1eafc li\u00ean quan \u0111\u1ebfn <\/span><b>Th\u1ecfa thu\u1eadn d\u1ecbch v\u1ee5 Yokara<\/b><span style=\"font-weight: 400;\"> c\u00f3 th\u1ec3 \u0111\u01b0\u1ee3c g\u1eedi qua k\u00eanh li\u00ean h\u1ec7 ch\u00ednh th\u1ee9c tr\u00ean n\u1ec1n t\u1ea3ng. \u0110\u1ed9i ng\u0169 h\u1ed7 tr\u1ee3 s\u1ebd ti\u1ebfp nh\u1eadn v\u00e0 ph\u1ea3n h\u1ed3i trong th\u1eddi gian ph\u00f9 h\u1ee3p.<\/span><\/p>\n<p style=\"text-align: justify;\"><b>\ud83d\udccd \u0110i\u0323a chi\u0309: 77 V\u00f5 Nguy\u00ean Gi\u00e1p, B\u1ea3o Ninh, \u0110\u1ed3ng H\u1edbi, Qu\u1ea3ng B\u00ecnh<\/b><b><br \/>\n<\/b><span style=\"font-weight: 400;\">\ud83d\udcde Hotline: <\/span><b>0888268286<\/b><span style=\"font-weight: 400;\"><br \/>\n<\/span><span style=\"font-weight: 400;\">\u2728 Facebook:<\/span><a href=\"https:\/\/www.facebook.com\/yokaravn\" target=\"_blank\" rel=\"noopener\"> <span style=\"font-weight: 400;\">https:\/\/www.facebook.com\/yokaravn<\/span><span style=\"font-weight: 400;\"><br \/>\n<\/span><\/a><span style=\"font-weight: 400;\">\u2709\ufe0f Email h\u1ed7 tr\u1ee3: support@yokara.com<\/span><span style=\"font-weight: 400;\"><br \/>\n<\/span><span style=\"font-weight: 400;\">\ud83c\udf10 Website:<\/span><a href=\"https:\/\/www.yokara.com\"> <span style=\"font-weight: 400;\">https:\/\/www.yokara.com<\/span><\/a><\/p>\n<p style=\"text-align: justify;\"><b>C\u00e2u h\u1ecfi th\u01b0\u1eddng g\u1eb7p \u2013 FAQ<\/b><\/p>\n<p style=\"text-align: justify;\"><b>1. T\u1ea1i sao c\u1ea7n \u0111\u1ed3ng \u00fd th\u1ecfa thu\u1eadn d\u1ecbch v\u1ee5 Yokara?<\/b><\/p>\n<p style=\"text-align: justify;\">Th\u1ecfa thu\u1eadn d\u1ecbch v\u1ee5 gi\u00fap x\u00e1c l\u1eadp r\u00f5 quy\u1ec1n v\u00e0 ngh\u0129a v\u1ee5<span style=\"font-weight: 400;\">, \u0111\u1ea3m b\u1ea3o s\u1eed d\u1ee5ng d\u1ecbch v\u1ee5 \u0111\u00fang quy \u0111\u1ecbnh v\u00e0 h\u1ea1n ch\u1ebf r\u1ee7i ro ph\u00e1p l\u00fd.<\/span><\/p>\n<p style=\"text-align: justify;\"><b>2. L\u00e0m sao \u0111\u1ec3 hu\u1ef7 g\u00f3i VIP?<\/b><\/p>\n<p style=\"text-align: justify;\"><span style=\"font-weight: 400;\">Ng\u01b0\u1eddi d\u00f9ng c\u00f3 th\u1ec3 th\u1ef1c hi\u1ec7n h\u1ee7y gia h\u1ea1n th\u00f4ng qua ph\u01b0\u01a1ng th\u1ee9c thanh to\u00e1n \u0111\u00e3 \u0111\u0103ng k\u00fd. Quy\u1ec1n l\u1ee3i VIP \u0111\u01b0\u1ee3c duy tr\u00ec \u0111\u1ebfn h\u1ebft chu k\u1ef3 \u0111\u00e3 thanh to\u00e1n.<\/span><\/p>\n<p style=\"text-align: justify;\"><b>3. T\u00e0i kho\u1ea3n b\u1ecb \u0111\u00ecnh ch\u1ec9 do \u0111\u00e2u v\u00e0 c\u00e1ch kh\u00f4i ph\u1ee5c?<\/b><\/p>\n<p style=\"text-align: justify;\"><span style=\"font-weight: 400;\">T\u00e0i kho\u1ea3n c\u00f3 th\u1ec3 b\u1ecb \u0111\u00ecnh ch\u1ec9 khi vi ph\u1ea1m th\u1ecfa thu\u1eadn d\u1ecbch v\u1ee5. \u0110\u1ec3 kh\u00f4i ph\u1ee5c, ng\u01b0\u1eddi d\u00f9ng c\u1ea7n g\u1eedi y\u00eau c\u1ea7u h\u1ed7 tr\u1ee3 v\u00e0 th\u1ef1c hi\u1ec7n x\u00e1c minh theo h\u01b0\u1edbng d\u1eabn.<\/span><\/p>\n","protected":false},"excerpt":{"rendered":"<p>Trong h\u1ec7 sinh th\u00e1i karaoke tr\u1ef1c tuy\u1ebfn, th\u1ecfa thu\u1eadn d\u1ecbch v\u1ee5 l\u00e0 n\u1ec1n t\u1ea3ng x\u00e1c l\u1eadp quy\u1ec1n v\u00e0 ngh\u0129a v\u1ee5 gi\u1eefa n\u1ec1n t\u1ea3ng v\u00e0 ng\u01b0\u1eddi d\u00f9ng. Vi\u1ec7c hi\u1ec3u r\u00f5 Th\u1ecfa thu\u1eadn d\u1ecbch v\u1ee5 Yokara gi\u00fap s\u1eed d\u1ee5ng d\u1ecbch v\u1ee5 \u0111\u00fang quy \u0111\u1ecbnh, h\u1ea1n ch\u1ebf r\u1ee7i ro ph\u00e1p l\u00fd v\u00e0 \u0111\u1ea3m b\u1ea3o tr\u1ea3i nghi\u1ec7m gi\u1ea3i tr\u00ed [&hellip;]<\/p>\n","protected":false},"author":1,"featured_media":0,"parent":0,"menu_order":0,"comment_status":"closed","ping_status":"closed","template":"","meta":{"footnotes":""},"class_list":["post-4169","page","type-page","status-publish","hentry"],"_links":{"self":[{"href":"https:\/\/www.yokara.com\/news\/wp-json\/wp\/v2\/pages\/4169","targetHints":{"allow":["GET"]}}],"collection":[{"href":"https:\/\/www.yokara.com\/news\/wp-json\/wp\/v2\/pages"}],"about":[{"href":"https:\/\/www.yokara.com\/news\/wp-json\/wp\/v2\/types\/page"}],"author":[{"embeddable":true,"href":"https:\/\/www.yokara.com\/news\/wp-json\/wp\/v2\/users\/1"}],"replies":[{"embeddable":true,"href":"https:\/\/www.yokara.com\/news\/wp-json\/wp\/v2\/comments?post=4169"}],"version-history":[{"count":2,"href":"https:\/\/www.yokara.com\/news\/wp-json\/wp\/v2\/pages\/4169\/revisions"}],"predecessor-version":[{"id":4172,"href":"https:\/\/www.yokara.com\/news\/wp-json\/wp\/v2\/pages\/4169\/revisions\/4172"}],"wp:attachment":[{"href":"https:\/\/www.yokara.com\/news\/wp-json\/wp\/v2\/media?parent=4169"}],"curies":[{"name":"wp","href":"https:\/\/api.w.org\/{rel}","templated":true}]}}