{"id":4157,"date":"2026-01-05T16:18:57","date_gmt":"2026-01-05T09:18:57","guid":{"rendered":"https:\/\/news-dot-ikara4m.appspot.com\/?page_id=4157"},"modified":"2026-01-05T16:18:57","modified_gmt":"2026-01-05T09:18:57","slug":"lien-he","status":"publish","type":"page","link":"https:\/\/www.yokara.com\/news\/lien-he\/","title":{"rendered":"Li\u00ean h\u1ec7"},"content":{"rendered":"<p style=\"text-align: justify;\"><span style=\"font-weight: 400;\">M\u1ed7i ng\u00e0y c\u00f3 h\u00e0ng ngh\u00ecn ng\u01b0\u1eddi d\u00f9ng truy c\u1eadp c\u00e1c n\u1ec1n t\u1ea3ng gi\u1ea3i tr\u00ed tr\u1ef1c tuy\u1ebfn \u0111\u1ec3 h\u00e1t, chia s\u1ebb v\u00e0 k\u1ebft n\u1ed1i. Khi ph\u00e1t sinh th\u1eafc m\u1eafc v\u1ec1 t\u00e0i kho\u1ea3n, quy\u1ec1n s\u1eed d\u1ee5ng n\u1ed9i dung hay tr\u1ea3i nghi\u1ec7m d\u1ecbch v\u1ee5, vi\u1ec7c li\u00ean h\u1ec7 \u0111\u00fang k\u00eanh h\u1ed7 tr\u1ee3 tr\u1edf n\u00ean v\u00f4 c\u00f9ng quan tr\u1ecdng. B\u00e0i vi\u1ebft n\u00e0y cung c\u1ea5p th\u00f4ng tin li\u00ean h\u1ec7 Yokara ch\u00ednh x\u00e1c, h\u01b0\u1edbng d\u1eabn c\u00e1ch g\u1eedi y\u00eau c\u1ea7u hi\u1ec7u qu\u1ea3 v\u00e0 gi\u00fap ng\u01b0\u1eddi d\u00f9ng ti\u1ebft ki\u1ec7m th\u1eddi gian khi c\u1ea7n h\u1ed7 tr\u1ee3.<\/span><\/p>\n<h2 style=\"text-align: justify;\"><b>1. Th\u00f4ng tin li\u00ean h\u1ec7 ch\u00ednh<\/b><\/h2>\n<p style=\"text-align: justify;\"><span style=\"font-weight: 400;\">\u0110\u1ec3 \u0111\u1ea3m b\u1ea3o m\u1ecdi y\u00eau c\u1ea7u \u0111\u01b0\u1ee3c ti\u1ebfp nh\u1eadn nhanh ch\u00f3ng, Yokara cung c\u1ea5p nhi\u1ec1u k\u00eanh li\u00ean h\u1ec7 ch\u00ednh th\u1ee9c. Ng\u01b0\u1eddi d\u00f9ng n\u00ean \u01b0u ti\u00ean s\u1eed d\u1ee5ng \u0111\u00fang k\u00eanh ph\u00f9 h\u1ee3p v\u1edbi t\u1eebng nhu c\u1ea7u c\u1ee5 th\u1ec3.<\/span><\/p>\n<p style=\"text-align: justify;\"><b>\ud83d\udccd \u0110i\u0323a chi\u0309: 77 V\u00f5 Nguy\u00ean Gi\u00e1p, B\u1ea3o Ninh, \u0110\u1ed3ng H\u1edbi, Qu\u1ea3ng B\u00ecnh<\/b><b><br \/>\n<\/b><span style=\"font-weight: 400;\">\ud83d\udcde Hotline: <\/span><b>0888268286<\/b><span style=\"font-weight: 400;\"><br \/>\n<\/span><span style=\"font-weight: 400;\">\u2728 Facebook:<\/span><a href=\"https:\/\/www.facebook.com\/yokaravn\" target=\"_blank\" rel=\"noopener\"> <span style=\"font-weight: 400;\">https:\/\/www.facebook.com\/yokaravn<\/span><span style=\"font-weight: 400;\"><br \/>\n<\/span><\/a><span style=\"font-weight: 400;\">\u2709\ufe0f Email h\u1ed7 tr\u1ee3: support@yokara.com<\/span><span style=\"font-weight: 400;\"><br \/>\n<\/span><span style=\"font-weight: 400;\">\ud83c\udf10 Website:<\/span><a href=\"https:\/\/www.yokara.com\"> <span style=\"font-weight: 400;\">https:\/\/www.yokara.com<\/span><\/a><\/p>\n<p style=\"text-align: justify;\"><span style=\"font-weight: 400;\">\u0110\u00e2y l\u00e0 <\/span><b>c\u00e1c k\u00eanh li\u00ean h\u1ec7 ch\u00ednh th\u1ee9c v\u00e0 \u0111\u01b0\u1ee3c x\u00e1c th\u1ef1c<\/b><span style=\"font-weight: 400;\">, gi\u00fap ng\u01b0\u1eddi d\u00f9ng tr\u00e1nh nh\u1ea7m l\u1eabn v\u1edbi c\u00e1c ngu\u1ed3n kh\u00f4ng r\u00f5 r\u00e0ng tr\u00ean internet. M\u1ecdi ph\u1ea3n h\u1ed3i g\u1eedi qua nh\u1eefng k\u00eanh n\u00e0y \u0111\u1ec1u \u0111\u01b0\u1ee3c h\u1ec7 th\u1ed1ng ghi nh\u1eadn v\u00e0 x\u1eed l\u00fd theo quy tr\u00ecnh n\u1ed9i b\u1ed9.<\/span><\/p>\n<h2 style=\"text-align: justify;\"><b>2. H\u1ed7 tr\u1ee3 v\u00e0 th\u1eddi gian ph\u1ea3n h\u1ed3i<\/b><\/h2>\n<p style=\"text-align: justify;\"><span style=\"font-weight: 400;\">Li\u00ean h\u1ec7 Yokara kh\u00f4ng ch\u1ec9 l\u00e0 g\u1eedi y\u00eau c\u1ea7u, m\u00e0 c\u00f2n l\u00e0 qu\u00e1 tr\u00ecnh trao \u0111\u1ed5i th\u00f4ng tin hai chi\u1ec1u nh\u1eb1m gi\u1ea3i quy\u1ebft v\u1ea5n \u0111\u1ec1 hi\u1ec7u qu\u1ea3. Th\u1eddi gian ph\u1ea3n h\u1ed3i ph\u1ee5 thu\u1ed9c v\u00e0o k\u00eanh li\u00ean h\u1ec7 v\u00e0 m\u1ee9c \u0111\u1ed9 ph\u1ee9c t\u1ea1p c\u1ee7a n\u1ed9i dung.<\/span><\/p>\n<p style=\"text-align: justify;\"><span style=\"font-weight: 400;\">V\u1edbi c\u00e1c v\u1ea5n \u0111\u1ec1 kh\u1ea9n c\u1ea5p li\u00ean quan \u0111\u1ebfn t\u00e0i kho\u1ea3n ho\u1eb7c truy c\u1eadp d\u1ecbch v\u1ee5, <\/span><b>hotline h\u1ed7 tr\u1ee3 tr\u1ef1c ti\u1ebfp trong gi\u1edd h\u00e0nh ch\u00ednh<\/b><span style=\"font-weight: 400;\"> th\u01b0\u1eddng mang l\u1ea1i ph\u1ea3n h\u1ed3i nhanh nh\u1ea5t. \u0110\u1ed1i v\u1edbi c\u00e1c y\u00eau c\u1ea7u c\u1ea7n x\u00e1c minh th\u00f4ng tin ho\u1eb7c li\u00ean quan \u0111\u1ebfn \u0111i\u1ec1u kho\u1ea3n s\u1eed d\u1ee5ng, email h\u1ed7 tr\u1ee3 l\u00e0 k\u00eanh ph\u00f9 h\u1ee3p h\u01a1n.<\/span><\/p>\n<p style=\"text-align: justify;\"><span style=\"font-weight: 400;\">Th\u00f4ng th\u01b0\u1eddng, th\u1eddi gian ph\u1ea3n h\u1ed3i trung b\u00ecnh \u0111\u01b0\u1ee3c duy tr\u00ec trong kho\u1ea3ng:<\/span><\/p>\n<ul>\n<li><span style=\"font-weight: 400;\">Y\u00eau c\u1ea7u qua email: t\u1eeb 24 \u0111\u1ebfn 48 gi\u1edd l\u00e0m vi\u1ec7c<\/span><\/li>\n<li><span style=\"font-weight: 400;\">Tin nh\u1eafn Facebook: t\u1eeb 12 \u0111\u1ebfn 24 gi\u1edd l\u00e0m vi\u1ec7c<\/span><\/li>\n<li><span style=\"font-weight: 400;\">Hotline: ph\u1ea3n h\u1ed3i ngay trong khung gi\u1edd h\u1ed7 tr\u1ee3<\/span><\/li>\n<\/ul>\n<p style=\"text-align: justify;\"><span style=\"font-weight: 400;\">Vi\u1ec7c cung c\u1ea5p \u0111\u1ea7y \u0111\u1ee7 th\u00f4ng tin ngay t\u1eeb \u0111\u1ea7u gi\u00fap r\u00fat ng\u1eafn \u0111\u00e1ng k\u1ec3 th\u1eddi gian x\u1eed l\u00fd v\u00e0 h\u1ea1n ch\u1ebf vi\u1ec7c trao \u0111\u1ed5i qua l\u1ea1i nhi\u1ec1u l\u1ea7n.<\/span><\/p>\n<h2 style=\"text-align: justify;\"><b>3. L\u01b0u \u00fd tr\u01b0\u1edbc khi li\u00ean h\u1ec7<\/b><\/h2>\n<p style=\"text-align: justify;\"><span style=\"font-weight: 400;\">Tr\u01b0\u1edbc khi g\u1eedi y\u00eau c\u1ea7u li\u00ean h\u1ec7 Yokara, ng\u01b0\u1eddi d\u00f9ng n\u00ean d\u00e0nh v\u00e0i ph\u00fat ki\u1ec3m tra c\u00e1c n\u1ed9i dung h\u1ed7 tr\u1ee3 s\u1eb5n c\u00f3. \u0110\u00e2y l\u00e0 b\u01b0\u1edbc quan tr\u1ecdng gi\u00fap gi\u1ea3i quy\u1ebft nhanh nh\u1eefng v\u1ea5n \u0111\u1ec1 ph\u1ed5 bi\u1ebfn m\u00e0 kh\u00f4ng c\u1ea7n ch\u1edd ph\u1ea3n h\u1ed3i.<\/span><\/p>\n<p style=\"text-align: justify;\"><b>C\u00e1c b\u01b0\u1edbc n\u00ean th\u1ef1c hi\u1ec7n tr\u01b0\u1edbc khi g\u1eedi y\u00eau c\u1ea7u:<\/b><\/p>\n<ul style=\"text-align: justify;\">\n<li style=\"font-weight: 400;\" aria-level=\"1\"><span style=\"font-weight: 400;\">Ki\u1ec3m tra m\u1ee5c C\u00e2u h\u1ecfi th\u01b0\u1eddng g\u1eb7p \u0111\u1ec3 t\u00ecm gi\u1ea3i ph\u00e1p c\u00f3 s\u1eb5n<\/span><\/li>\n<li style=\"font-weight: 400;\" aria-level=\"1\"><span style=\"font-weight: 400;\">Xem l\u1ea1i \u0110i\u1ec1u kho\u1ea3n d\u1ecbch v\u1ee5 \u0111\u1ec3 hi\u1ec3u r\u00f5 quy\u1ec1n v\u00e0 ngh\u0129a v\u1ee5<\/span><\/li>\n<li style=\"font-weight: 400;\" aria-level=\"1\"><span style=\"font-weight: 400;\">\u0110\u1ecdc Ch\u00ednh s\u00e1ch b\u1ea3o m\u1eadt li\u00ean quan \u0111\u1ebfn d\u1eef li\u1ec7u c\u00e1 nh\u00e2n<\/span><\/li>\n<\/ul>\n<p style=\"text-align: justify;\"><span style=\"font-weight: 400;\">Nhi\u1ec1u v\u1ea5n \u0111\u1ec1 th\u01b0\u1eddng g\u1eb7p nh\u01b0 gi\u1edbi h\u1ea1n t\u00ednh n\u0103ng, quy\u1ec1n s\u1eed d\u1ee5ng n\u1ed9i dung ho\u1eb7c c\u00e1ch x\u1eed l\u00fd t\u00e0i kho\u1ea3n \u0111\u1ec1u \u0111\u00e3 \u0111\u01b0\u1ee3c gi\u1ea3i th\u00edch r\u00f5 trong c\u00e1c t\u00e0i li\u1ec7u n\u00e0y. Vi\u1ec7c ch\u1ee7 \u0111\u1ed9ng tham kh\u1ea3o gi\u00fap ng\u01b0\u1eddi d\u00f9ng ti\u1ebft ki\u1ec7m th\u1eddi gian v\u00e0 c\u00f3 tr\u1ea3i nghi\u1ec7m m\u01b0\u1ee3t m\u00e0 h\u01a1n.<\/span><\/p>\n<h2 style=\"text-align: justify;\"><b>4. V\u00ec sao c\u1ea7n tr\u00e1nh g\u1eedi tr\u00f9ng l\u1eb7p y\u00eau c\u1ea7u<\/b><\/h2>\n<p style=\"text-align: justify;\"><span style=\"font-weight: 400;\">G\u1eedi nhi\u1ec1u y\u00eau c\u1ea7u gi\u1ed1ng nhau trong th\u1eddi gian ng\u1eafn kh\u00f4ng gi\u00fap v\u1ea5n \u0111\u1ec1 \u0111\u01b0\u1ee3c x\u1eed l\u00fd nhanh h\u01a1n. Ng\u01b0\u1ee3c l\u1ea1i, \u0111i\u1ec1u n\u00e0y c\u00f3 th\u1ec3 khi\u1ebfn h\u1ec7 th\u1ed1ng h\u1ed7 tr\u1ee3 m\u1ea5t th\u00eam th\u1eddi gian ph\u00e2n lo\u1ea1i v\u00e0 x\u00e1c minh.<\/span><\/p>\n<p style=\"text-align: justify;\"><b>G\u1eedi tr\u00f9ng l\u1eb7p y\u00eau c\u1ea7u c\u00f3 th\u1ec3 d\u1eabn \u0111\u1ebfn:<\/b><\/p>\n<ul style=\"text-align: justify;\">\n<li style=\"font-weight: 400;\" aria-level=\"1\"><span style=\"font-weight: 400;\">Th\u1eddi gian ph\u1ea3n h\u1ed3i k\u00e9o d\u00e0i h\u01a1n d\u1ef1 ki\u1ebfn<\/span><\/li>\n<li style=\"font-weight: 400;\" aria-level=\"1\"><span style=\"font-weight: 400;\">Kh\u00f3 theo d\u00f5i tr\u1ea1ng th\u00e1i x\u1eed l\u00fd c\u1ee7a t\u1eebng y\u00eau c\u1ea7u<\/span><\/li>\n<li style=\"font-weight: 400;\" aria-level=\"1\"><span style=\"font-weight: 400;\">Nguy c\u01a1 nh\u1eadn ph\u1ea3n h\u1ed3i ch\u1ed3ng ch\u00e9o<\/span><\/li>\n<\/ul>\n<p style=\"text-align: justify;\"><span style=\"font-weight: 400;\">Yokara khuy\u1ebfn ngh\u1ecb m\u1ed7i v\u1ea5n \u0111\u1ec1 ch\u1ec9 n\u00ean g\u1eedi <\/span><b>m\u1ed9t y\u00eau c\u1ea7u duy nh\u1ea5t<\/b><span style=\"font-weight: 400;\">, sau \u0111\u00f3 ch\u1edd ph\u1ea3n h\u1ed3i ch\u00ednh th\u1ee9c t\u1eeb \u0111\u1ed9i ng\u0169 h\u1ed7 tr\u1ee3.<\/span><\/p>\n<h2 style=\"text-align: justify;\"><b>5. C\u00e1c tr\u01b0\u1eddng h\u1ee3p ph\u1ed5 bi\u1ebfn c\u1ea7n li\u00ean h\u1ec7 v\u1edbi Yokara<\/b><\/h2>\n<p style=\"text-align: justify;\"><span style=\"font-weight: 400;\">Li\u00ean h\u1ec7 Yokara th\u01b0\u1eddng ph\u00e1t sinh trong nhi\u1ec1u t\u00ecnh hu\u1ed1ng kh\u00e1c nhau, t\u1eeb k\u1ef9 thu\u1eadt \u0111\u1ebfn ph\u00e1p l\u00fd. Vi\u1ec7c x\u00e1c \u0111\u1ecbnh \u0111\u00fang n\u1ed9i dung c\u1ea7n h\u1ed7 tr\u1ee3 gi\u00fap qu\u00e1 tr\u00ecnh x\u1eed l\u00fd di\u1ec5n ra thu\u1eadn l\u1ee3i.<\/span><\/p>\n<p style=\"text-align: justify;\"><span style=\"font-weight: 400;\">C\u00e1c tr\u01b0\u1eddng h\u1ee3p ph\u1ed5 bi\u1ebfn bao g\u1ed3m:<\/span><\/p>\n<ul style=\"text-align: justify;\">\n<li style=\"font-weight: 400;\" aria-level=\"1\"><span style=\"font-weight: 400;\">V\u1ea5n \u0111\u1ec1 \u0111\u0103ng nh\u1eadp ho\u1eb7c b\u1ea3o m\u1eadt t\u00e0i kho\u1ea3n<\/span><\/li>\n<li style=\"font-weight: 400;\" aria-level=\"1\"><span style=\"font-weight: 400;\">Th\u1eafc m\u1eafc v\u1ec1 quy\u1ec1n s\u1eed d\u1ee5ng n\u1ed9i dung \u00e2m nh\u1ea1c<\/span><\/li>\n<li style=\"font-weight: 400;\" aria-level=\"1\"><span style=\"font-weight: 400;\">B\u00e1o l\u1ed7i trong qu\u00e1 tr\u00ecnh s\u1eed d\u1ee5ng d\u1ecbch v\u1ee5<\/span><\/li>\n<li style=\"font-weight: 400;\" aria-level=\"1\"><span style=\"font-weight: 400;\">C\u00e2u h\u1ecfi li\u00ean quan \u0111\u1ebfn \u0111i\u1ec1u kho\u1ea3n ho\u1eb7c ch\u00ednh s\u00e1ch<\/span><\/li>\n<\/ul>\n<p style=\"text-align: justify;\"><span style=\"font-weight: 400;\">Trong m\u1ed7i tr\u01b0\u1eddng h\u1ee3p, ng\u01b0\u1eddi d\u00f9ng n\u00ean m\u00f4 t\u1ea3 r\u00f5 t\u00ecnh hu\u1ed1ng, th\u1eddi \u0111i\u1ec3m x\u1ea3y ra v\u00e0 th\u00f4ng tin li\u00ean quan. <\/span><b>N\u1ed9i dung c\u00e0ng c\u1ee5 th\u1ec3, kh\u1ea3 n\u0103ng x\u1eed l\u00fd ch\u00ednh x\u00e1c c\u00e0ng cao.<\/b><\/p>\n<h2 style=\"text-align: justify;\"><b>6. C\u00e1ch vi\u1ebft n\u1ed9i dung li\u00ean h\u1ec7 hi\u1ec7u qu\u1ea3<\/b><\/h2>\n<p style=\"text-align: justify;\"><span style=\"font-weight: 400;\">M\u1ed9t y\u00eau c\u1ea7u li\u00ean h\u1ec7 Yokara hi\u1ec7u qu\u1ea3 kh\u00f4ng c\u1ea7n d\u00e0i d\u00f2ng, nh\u01b0ng ph\u1ea3i \u0111\u1ea7y \u0111\u1ee7 th\u00f4ng tin c\u1ea7n thi\u1ebft. \u0110i\u1ec1u n\u00e0y gi\u00fap \u0111\u1ed9i ng\u0169 h\u1ed7 tr\u1ee3 hi\u1ec3u nhanh v\u1ea5n \u0111\u1ec1 v\u00e0 \u0111\u01b0a ra h\u01b0\u1edbng gi\u1ea3i quy\u1ebft ph\u00f9 h\u1ee3p.<\/span><\/p>\n<p style=\"text-align: justify;\"><span style=\"font-weight: 400;\">Khi g\u1eedi y\u00eau c\u1ea7u, n\u00ean \u0111\u1ea3m b\u1ea3o c\u00e1c y\u1ebfu t\u1ed1 sau:<\/span><\/p>\n<ul style=\"text-align: justify;\">\n<li style=\"font-weight: 400;\" aria-level=\"1\"><span style=\"font-weight: 400;\">Ti\u00eau \u0111\u1ec1 ng\u1eafn g\u1ecdn, ph\u1ea3n \u00e1nh \u0111\u00fang v\u1ea5n \u0111\u1ec1<\/span><\/li>\n<li style=\"font-weight: 400;\" aria-level=\"1\"><span style=\"font-weight: 400;\">M\u00f4 t\u1ea3 r\u00f5 r\u00e0ng, theo tr\u00ecnh t\u1ef1 th\u1eddi gian<\/span><\/li>\n<li style=\"font-weight: 400;\" aria-level=\"1\"><span style=\"font-weight: 400;\">Cung c\u1ea5p th\u00f4ng tin t\u00e0i kho\u1ea3n li\u00ean quan n\u1ebfu c\u1ea7n<\/span><\/li>\n<\/ul>\n<p style=\"text-align: justify;\"><span style=\"font-weight: 400;\">Vi\u1ec7c tr\u00ecnh b\u00e0y m\u1ea1ch l\u1ea1c gi\u00fap gi\u1ea3m thi\u1ec3u hi\u1ec3u nh\u1ea7m v\u00e0 r\u00fat ng\u1eafn qu\u00e1 tr\u00ecnh trao \u0111\u1ed5i.<\/span><\/p>\n<h2 style=\"text-align: justify;\"><b>7. Cam k\u1ebft h\u1ed7 tr\u1ee3 t\u1eeb Yokara<\/b><\/h2>\n<p style=\"text-align: justify;\"><span style=\"font-weight: 400;\">Li\u00ean h\u1ec7 Yokara kh\u00f4ng ch\u1ec9 l\u00e0 gi\u1ea3i quy\u1ebft s\u1ef1 c\u1ed1, m\u00e0 c\u00f2n l\u00e0 cam k\u1ebft \u0111\u1ed3ng h\u00e0nh l\u00e2u d\u00e0i c\u00f9ng ng\u01b0\u1eddi d\u00f9ng. M\u1ecdi ph\u1ea3n h\u1ed3i \u0111\u1ec1u \u0111\u01b0\u1ee3c ti\u1ebfp nh\u1eadn v\u1edbi tinh th\u1ea7n c\u1ea7u th\u1ecb v\u00e0 t\u00f4n tr\u1ecdng.<\/span><\/p>\n<p style=\"text-align: justify;\"><span style=\"font-weight: 400;\">\u0110\u1ed9i ng\u0169 h\u1ed7 tr\u1ee3 lu\u00f4n h\u01b0\u1edbng \u0111\u1ebfn:<\/span><\/p>\n<ul style=\"text-align: justify;\">\n<li style=\"font-weight: 400;\" aria-level=\"1\"><span style=\"font-weight: 400;\">Minh b\u1ea1ch trong th\u00f4ng tin ph\u1ea3n h\u1ed3i<\/span><\/li>\n<li style=\"font-weight: 400;\" aria-level=\"1\"><span style=\"font-weight: 400;\">Tu\u00e2n th\u1ee7 c\u00e1c quy \u0111\u1ecbnh ph\u00e1p l\u00fd li\u00ean quan<\/span><\/li>\n<li style=\"font-weight: 400;\" aria-level=\"1\"><span style=\"font-weight: 400;\">B\u1ea3o v\u1ec7 quy\u1ec1n l\u1ee3i v\u00e0 d\u1eef li\u1ec7u c\u1ee7a ng\u01b0\u1eddi d\u00f9ng<\/span><\/li>\n<\/ul>\n<p style=\"text-align: justify;\"><span style=\"font-weight: 400;\">\u0110i\u1ec1u n\u00e0y g\u00f3p ph\u1ea7n x\u00e2y d\u1ef1ng m\u00f4i tr\u01b0\u1eddng gi\u1ea3i tr\u00ed tr\u1ef1c tuy\u1ebfn an to\u00e0n, \u1ed5n \u0111\u1ecbnh v\u00e0 b\u1ec1n v\u1eefng.<\/span><\/p>\n<h2 style=\"text-align: justify;\"><b>8. K\u1ebft lu\u1eadn<\/b><\/h2>\n<p style=\"text-align: justify;\"><span style=\"font-weight: 400;\">Li\u00ean h\u1ec7 Yokara \u0111\u00fang c\u00e1ch gi\u00fap ng\u01b0\u1eddi d\u00f9ng ti\u1ebft ki\u1ec7m th\u1eddi gian, nh\u1eadn h\u1ed7 tr\u1ee3 ch\u00ednh x\u00e1c v\u00e0 n\u00e2ng cao tr\u1ea3i nghi\u1ec7m s\u1eed d\u1ee5ng d\u1ecbch v\u1ee5. Vi\u1ec7c l\u1ef1a ch\u1ecdn \u0111\u00fang k\u00eanh li\u00ean h\u1ec7, chu\u1ea9n b\u1ecb th\u00f4ng tin r\u00f5 r\u00e0ng v\u00e0 tham kh\u1ea3o t\u00e0i li\u1ec7u s\u1eb5n c\u00f3 s\u1ebd mang l\u1ea1i hi\u1ec7u qu\u1ea3 cao nh\u1ea5t. Khi c\u1ea7n h\u1ed7 tr\u1ee3, ng\u01b0\u1eddi d\u00f9ng n\u00ean ch\u1ee7 \u0111\u1ed9ng li\u00ean h\u1ec7 qua c\u00e1c k\u00eanh ch\u00ednh th\u1ee9c \u0111\u1ec3 \u0111\u01b0\u1ee3c gi\u1ea3i \u0111\u00e1p k\u1ecbp th\u1eddi v\u00e0 minh b\u1ea1ch.<\/span><\/p>\n","protected":false},"excerpt":{"rendered":"<p>M\u1ed7i ng\u00e0y c\u00f3 h\u00e0ng ngh\u00ecn ng\u01b0\u1eddi d\u00f9ng truy c\u1eadp c\u00e1c n\u1ec1n t\u1ea3ng gi\u1ea3i tr\u00ed tr\u1ef1c tuy\u1ebfn \u0111\u1ec3 h\u00e1t, chia s\u1ebb v\u00e0 k\u1ebft n\u1ed1i. Khi ph\u00e1t sinh th\u1eafc m\u1eafc v\u1ec1 t\u00e0i kho\u1ea3n, quy\u1ec1n s\u1eed d\u1ee5ng n\u1ed9i dung hay tr\u1ea3i nghi\u1ec7m d\u1ecbch v\u1ee5, vi\u1ec7c li\u00ean h\u1ec7 \u0111\u00fang k\u00eanh h\u1ed7 tr\u1ee3 tr\u1edf n\u00ean v\u00f4 c\u00f9ng quan tr\u1ecdng. B\u00e0i [&hellip;]<\/p>\n","protected":false},"author":1,"featured_media":0,"parent":0,"menu_order":0,"comment_status":"closed","ping_status":"closed","template":"","meta":{"footnotes":""},"class_list":["post-4157","page","type-page","status-publish","hentry"],"_links":{"self":[{"href":"https:\/\/www.yokara.com\/news\/wp-json\/wp\/v2\/pages\/4157","targetHints":{"allow":["GET"]}}],"collection":[{"href":"https:\/\/www.yokara.com\/news\/wp-json\/wp\/v2\/pages"}],"about":[{"href":"https:\/\/www.yokara.com\/news\/wp-json\/wp\/v2\/types\/page"}],"author":[{"embeddable":true,"href":"https:\/\/www.yokara.com\/news\/wp-json\/wp\/v2\/users\/1"}],"replies":[{"embeddable":true,"href":"https:\/\/www.yokara.com\/news\/wp-json\/wp\/v2\/comments?post=4157"}],"version-history":[{"count":2,"href":"https:\/\/www.yokara.com\/news\/wp-json\/wp\/v2\/pages\/4157\/revisions"}],"predecessor-version":[{"id":4160,"href":"https:\/\/www.yokara.com\/news\/wp-json\/wp\/v2\/pages\/4157\/revisions\/4160"}],"wp:attachment":[{"href":"https:\/\/www.yokara.com\/news\/wp-json\/wp\/v2\/media?parent=4157"}],"curies":[{"name":"wp","href":"https:\/\/api.w.org\/{rel}","templated":true}]}}